 = 35 - 20. Let w = 55 - t. List the prime factors of w.
2, 5
Let l(z) = -z**3 + 8 + 0*z**2 - 7 - z**2. List the prime factors of l(-3).
19
Let f(r) = -r**3 - 8*r**2 + 10*r + 4. Let t be f(-9). Let l = 11 + t. What are the prime factors of l?
2, 3
Suppose b = 2*b - 56. What are the prime factors of (0 + b)*(-2)/(-4)?
2, 7
Let c = -65 + 96. What are the prime factors of c?
31
Let p(o) = -3*o - 2 - o - 1 - 4. What are the prime factors of p(-5)?
13
Let c = -116 - -168. What are the prime factors of c?
2, 13
Let c(i) = -9. Let g(b) = -b + 10. Let v(f) = 6*c(f) + 5*g(f). List the prime factors of v(-3).
11
Suppose -x - 1 = -4*p + 3, 3*p - 3 = 0. Suppose -2*l + 52 = 4*k + 3*l, 4*l = x. List the prime factors of k.
13
Let o(f) = f**3 - 7*f**2 + 7*f - 3. Let d be o(6). Suppose 0 = d*m - m + 24. What are the prime factors of (m + -6)/(3/(-2))?
2, 3
What are the prime factors of (-4 + -21)*-2 + -3?
47
Suppose -c - 5*s + 3 = 0, 0 = -3*c - 0*c + 5*s + 29. Let q(h) = h**3 - 9*h**2 + 6*h + 11. Let o be q(c). Let b = 8 - o. List the prime factors of b.
13
Suppose -45 = -2*n + 9. Suppose 0*o - n = 3*o. What are the prime factors of 4/(-16) + o/(-4)?
2
Let h(p) = -12*p. Let g be h(4). Let v = -17 - g. What are the prime factors of v?
31
Let q(a) = -a**2 + 6*a + 5. Let n be q(7). Let c be -2*n/8*0. Suppose -3*i + 10 = -2*j - 3, 3*i - 5*j - 1 = c. List the prime factors of i.
7
Let a = -3 + 6. Suppose -2 = 2*w - 2*c, 4*c - 5*c + 7 = -a*w. Let d = w - -14. List the prime factors of d.
11
Let g(i) = -i**3 - i**2 + 2. Let w be g(-2). List the prime factors of (-1450)/(-45) + w/(-27).
2
What are the prime factors of 16/(2 - -2) + 22?
2, 13
Let k = 439 + -307. Suppose 202 = 5*t - 4*g, 3*t + 4*g - g - k = 0. What are the prime factors of t?
2, 3, 7
Let i(c) = 5*c**2 - 3*c - 2. What are the prime factors of i(5)?
2, 3
Suppose -3*z + 8 = -64. List the prime factors of z.
2, 3
Let k = -2 - -2. Suppose 10 = s - k. List the prime factors of s.
2, 5
Let n(h) = -h**2 - 5*h - 3. Let z be n(-5). What are the prime factors of 1/(3/21) - z?
2, 5
Let n = 95 - 47. List the prime factors of n.
2, 3
Suppose -4*x - 45 = -201. What are the prime factors of x?
3, 13
Suppose 3*j - 55 = -3*a + 2*a, 0 = 5*j. What are the prime factors of a?
5, 11
What are the prime factors of (1/2)/((32/4)/3264)?
2, 3, 17
Let g be -1 - (-1)/(-2)*-2. Let q = 0 - 1. List the prime factors of (-7)/q + 0 + g.
7
Let y = 1 + 0. Let b(f) = -2*f**3 - f. Let g be b(y). List the prime factors of ((-9)/6)/(g/20).
2, 5
Let r = 6 + 6. Suppose -3*w = -3 - r. What are the prime factors of w?
5
Let j(g) = g**3 + 9*g**2 - 11*g - 12. Let b be j(-10). Let d = 4 + b. Suppose 3*v + 6*s - 3*s = 0, 0 = -5*v + d*s + 14. What are the prime factors of v?
2
Let y be (-2 - 12/(-9))*3. Let i = y - -3. List the prime factors of 7 + 4/(i - -1).
3
Suppose -2*n = n - 2*d - 87, 5*d = -n + 46. Suppose 4*p - 20 = 0, 2*c + 7*p - n = 4*p. What are the prime factors of c?
2
Let a(g) = -g**2 + 4*g + 2. Let n be a(4). Let t(f) be the second derivative of 5*f**3/6 - 3*f**2/2 - f. What are the prime factors of t(n)?
7
Suppose 3*c = 186 - 63. What are the prime factors of c?
41
Let y(r) = r**3 + 5*r**2 - r - 7. Let b be y(-5). List the prime factors of -3 + b/((-2)/11).
2
Let p = 18 + -20. What are the prime factors of 10 + 0 - (1 + p)?
11
Suppose 0 = -12*g + 11*g + 44. List the prime factors of g.
2, 11
Let v = -16 - -18. What are the prime factors of v?
2
Suppose 4*a + 5*b = 17, 10 = a + a + 4*b. Suppose 0*n - 2 = -2*n, -4*h = -a*n - 49. List the prime factors of h.
13
Let d be ((-138)/(-12))/((-1)/(-14)). Let i be d/4 - 1/4. Suppose 3*t = -t + i. List the prime factors of t.
2, 5
Let c be ((-2)/(-6))/((-1)/(-3)). Suppose -4 = 8*d - 3*d + 4*f, d + c = -f. Suppose -12 = -4*w - d. What are the prime factors of w?
3
Let q = 543 + -270. List the prime factors of q.
3, 7, 13
Let d(t) = -2*t**2 - 27*t - 25. List the prime factors of d(-11).
2, 3, 5
Let p(b) be the second derivative of b**5/30 - b**4/4 - b**3 + 2*b**2 - 4*b. Let y(x) be the first derivative of p(x). List the prime factors of y(5).
2, 7
Suppose -2*z + 0 + 8 = 0. Suppose -3*k + 100 = z*m - 7*k, 5*k + 25 = 0. Suppose 0 = 2*n + 5*t - m, t = -t. What are the prime factors of n?
2, 5
Let c(v) = v**3 - 4*v**2 + 3*v. Let a be c(2). Let m(w) = 0*w + 0*w**2 + 2*w + w**2 + 4 - 1. List the prime factors of m(a).
3
Let y(w) = 158*w - w**2 + 3*w**2 - 162*w - 1. List the prime factors of y(-4).
47
Let u be (2/4)/((-3)/(-48)). Let w be 4*8/(-6)*-3. Let y = w - u. List the prime factors of y.
2
Suppose -4*s - 94 + 226 = 0. List the prime factors of s.
3, 11
Let c = 7 + -1. What are the prime factors of ((-1)/3)/(c/(-252))?
2, 7
Let v = 1 + 3. List the prime factors of v.
2
Let g be 4 + 2 + 2*-1. Suppose -3*j + g + 2 = 0. Suppose -5*k + j*k = -33. List the prime factors of k.
11
Suppose 2*g + 1 - 11 = 0. Let o(p) = -p**3 + 5*p**2 + 4*p - 7. List the prime factors of o(g).
13
Let c be (-213)/(-4) - (-1)/(-4). Let n = c - 35. Suppose -5*x + 2*x = -n. What are the prime factors of x?
2, 3
Suppose -3*z - 41 = -4*t, 5*t + 3*z + 14 - 45 = 0. Suppose 0 = -t*l + 3*l + 10. What are the prime factors of l?
2
Let p be (-4)/10 + (-156)/(-15). Let a = 9 - p. List the prime factors of 14 + -1 + (-2 - a).
2, 3
What are the prime factors of 7 - 4 - ((-2)/(-1) - 135)?
2, 17
Suppose 3*i = -3*r + 108 + 618, -2 = -i. List the prime factors of r.
2, 3, 5
Suppose k + 59 = -2*i, -3*i + k - 70 = 31. Let z = -22 - i. What are the prime factors of (-476)/(-35) - (-4)/z?
2, 7
Let q = -22 - -41. Let h = -3 + q. Let z = 29 - h. What are the prime factors of z?
13
Suppose -3*c + 60 = 2*c. Suppose c = d + d. What are the prime factors of d?
2, 3
Let i = 1 - 13. Let k be i/10*5/(-2). Let r = 13 - k. What are the prime factors of r?
2, 5
Suppose -5*l + 941 + 119 = 0. What are the prime factors of l?
2, 53
Suppose 0 = -3*a - 9, 2*u = 7*u + a - 12. Suppose b + 8 = -2*c, 2*c = c - 5. Let w = u + b. List the prime factors of w.
5
List the prime factors of -3*((-896)/3)/7.
2
Let j(f) be the third derivative of f**5/60 - f**4/24 + 25*f**3/6 - f**2. Let y be j(0). Suppose -b + y = 4*b. What are the prime factors of b?
5
What are the prime factors of (-5)/(25/(-15)) + 82?
5, 17
Let o(j) = j + 2. Let h be o(2). Suppose -h*r = 3*q - 21, 3*q + 21 = 5*r + 5*q. What are the prime factors of (r - 2)*9 - 0?
3
Suppose 0 = 2*y + 5*c - 9, -7*y = -3*y + 2*c - 42. List the prime factors of y.
2, 3
Let u(w) = -w**2 + 1. Let r be u(0). Let i = 3 + r. What are the prime factors of i?
2
Let q be 1 - (33 + 1 + -2). Let n = -19 - q. What are the prime factors of n?
2, 3
Let g = 0 + -2. Suppose 3*k - 5*i = -16, -i + 13 = k + i. What are the prime factors of (g - 0)*k/(-2)?
3
Let p = -19 + 39. Suppose 10 = 5*b, -h = 3*h + 4*b - p. Suppose -5*y + h = -2, -4*k = -3*y - 69. What are the prime factors of k?
2, 3
Let m(o) = o**3 + 9*o**2 - 9*o + 12. Let p be (-40)/(-12)*(-3 + 0). Let q be m(p). Suppose 0 = -u, -q*a - 3*u + 3 + 1 = 0. List the prime factors of a.
2
Suppose -3*f - g = -31, 64 = 4*f + 2*g + 24. List the prime factors of f.
11
Let t be 0/1 + (-15)/3. Let b = t + 3. List the prime factors of -1 - 0 - (b + -2).
3
Let r(h) = 3*h**2 - 5*h - 2. Let b be r(-3). Let q = b - -15. Suppose 4*a = a, q = 5*p - a. What are the prime factors of p?
11
Let l(x) = x**3 + 3*x**2 + 2*x. Let h be 1/((-9)/(-6) + -2). Let a be l(h). Suppose 4*k - k - 21 = a. What are the prime factors of k?
7
Suppose -2*v + 4*l - 20 = 2*l, 0 = 4*v + l + 55. Let j = v + 21. Suppose -b - 2 + j = 0. What are the prime factors of b?
2, 3
Suppose -2*h = -5*k - h + 712, 3*k = -5*h + 444. Suppose -5*f = -d - 3*f + 19, -2*f = 5*d - k. What are the prime factors of d?
3
Let z = -169 + 305. What are the prime factors of z?
2, 17
Suppose -3*y + 0*l + 2*l + 46 = 0, 4*y = -3*l + 84. What are the prime factors of y?
2, 3
Suppose 0 = 5*i + 5*m + 6 - 106, 0 = i - m - 30. Suppose -3*p + 4*p + 2*x = 9, -4*p = -3*x - i. What are the prime factors of p?
7
Suppose -n - 86 = -2*n. List the prime factors of n.
2, 43
Let m(c) = -c + 4. Let a be m(5). Let y(u) = -11*u + 1. Let x be y(a). Suppose o + o = x. List the prime factors of o.
2, 3
Let o = 15 + -12. Suppose -5*h + 52 = -o*h. List the prime factors of h.
2